et n = h + -12. What is the units digit of n?
3
What is the units digit of (2 - 15/(-5)) + 176?
1
Let f be (-4)/(-10) - (-98)/5. Let j be 8/f + 2/(-5). What is the units digit of (-48)/40*(j + -5)?
6
Let p be 10/4*16/20. Suppose p*j + 146 = -k, 214 - 43 = -k + 3*j. What is the units digit of 3*3*k/(-36)?
9
Let k = 2034 - 1059. What is the units digit of k?
5
Let r be (-13)/(-4) - 1/4. Suppose -x = -3*b - 15, 2*x = r*x - 5*b - 25. Suppose x = -5*l - 3*h + 2*h + 120, l - h - 24 = 0. What is the tens digit of l?
2
Let n = -13 - -23. Suppose n = 3*z + 4. Suppose 2*q + z*q = 32. What is the units digit of q?
8
Let o be ((-6)/10)/((-5)/50). Let p = 21 - o. Suppose p + 1 = a - 3*d, -2*a + 5*d + 28 = 0. What is the units digit of a?
4
Let h be -12*(1 + 1 - (4 - 3)). What is the units digit of 4/1 - 7*h?
8
Let p(j) = j**3 - j**2 + j + 1. Let h(a) = 7*a**3 + a**2 + 6*a + 15. Let u(b) = -h(b) + 6*p(b). Let k be u(-7). Let y = k - -10. What is the units digit of y?
1
Let g(s) = 42*s**3 - 12*s**2 + 13*s - 8. What is the tens digit of g(4)?
4
Suppose 5*j + 5*q - 1920 = 0, 5*q + 108 + 1862 = 5*j. What is the units digit of j?
9
Suppose 5*b = -4*n + 6*b + 1306, -2*b = -2*n + 656. What is the tens digit of n?
2
Suppose -4 = m, 2*h + 4*m = 5*m + 14. What is the units digit of h?
5
Suppose -8*d = -4*d + 20. Let x be 32/3 - (-10)/(-15). Let y = x + d. What is the units digit of y?
5
Let b(m) = -198*m + 187. What is the thousands digit of b(-5)?
1
Let m be ((-8)/5)/((-1)/(-20)). Let o = 27 - m. What is the units digit of o?
9
Let l be ((-1)/2)/((-2)/12). Let q(s) = -3*s + 2 + 2 + 10*s. What is the units digit of q(l)?
5
Let n(v) = v + 6. Let r be n(-4). Suppose -4*j + 254 = -r*j. What is the hundreds digit of j?
1
Suppose 0 = -9*m - 32*m + 82. Let k(u) = u**2 + 3*u + 2. Let b be k(-3). Suppose -m*v = b*v - 52. What is the units digit of v?
3
Let h(u) = 0*u**2 + 0 - 6*u - 7*u**3 + 8 + 5*u**3 - 2*u**2. What is the units digit of h(-4)?
8
Suppose -2 = -2*j + 4*t, -5*t = -2*t - 3. Suppose 36 = 4*i - 2*l, 5*l = -j*i - 2*i + 45. What is the units digit of i?
9
Suppose 10*r + 6542 = 2*m + 6*r, 3*m - 2*r = 9821. What is the thousands digit of m?
3
Suppose -4*i - 47 - 33 = 0. Let x = 56 + i. What is the units digit of x?
6
Suppose 0*m = 4*m - 12. Suppose -5 = -2*i - m*i. Let w(q) = 15*q + 1. What is the tens digit of w(i)?
1
Let w = 1557 - 1050. What is the tens digit of w?
0
Let r be (-9)/(-6) - (-2)/(-4). Let x be -4 + r - 39 - 1. What is the units digit of (-4)/(-6)*(2 - x)?
0
Let c be 1/4 - 3/((-36)/525). Let p = 112 - c. What is the units digit of p?
8
Let s = 20 - -10. Let t = 30 - s. Suppose 3*g - 99 = 5*k, t*k - k = 4*g - 109. What is the tens digit of g?
2
What is the tens digit of (-1 - -766)/(-4 + 5)?
6
Suppose 2*a + 3 - 1 = 2*p, -12 = -3*a - 2*p. Suppose o - s + 0*s = 33, -a*o - 2*s + 82 = 0. What is the tens digit of o?
3
Let s = 15 - 6. Let j be (s - 1)/((-10)/65). Let y = j - -99. What is the units digit of y?
7
Suppose 5*c = 169 - 569. Let y = c + 154. What is the units digit of y?
4
Suppose 7713 = 10*a + 213. What is the hundreds digit of a?
7
Let i = 2418 + -1593. What is the hundreds digit of i?
8
Suppose -t + 4*a + 2560 = 0, 1512 = t + 4*a - 1056. What is the thousands digit of t?
2
Let b(u) = 17*u + 19. Let j be b(2). Let n = j - 2. What is the tens digit of n?
5
Let h(d) = -d**2 - 71 + 271 - 9*d**3 + 70 + 10*d**3. What is the hundreds digit of h(0)?
2
Let o = 1007 + -603. What is the units digit of o?
4
Let y = -3 + 163. Suppose -y = -6*l - 58. What is the tens digit of l?
1
Let f(k) = -6*k + 9. Let j(p) = -2*p**2 + 6*p - 7. Let d be j(3). What is the tens digit of f(d)?
5
Suppose -3*c + 665 = 2*c. Let m = c + -68. What is the tens digit of m?
6
Let t be -2*(-1)/(-2)*0. Suppose t = -4*g + g + 9. Suppose 5*c + 2 = 2*a, g - 2 = a + c. What is the units digit of a?
1
Let p(k) = 5*k + 5. Let m be p(5). Let l = m + 14. Suppose -2*y - 2*y + 5*r + 194 = 0, y + r = l. What is the units digit of y?
6
Let n(y) be the first derivative of 7*y**2 - y - 5. Let h be n(1). Let w = -12 + h. What is the units digit of w?
1
Suppose -66*y = 41767 - 103543. What is the units digit of y?
6
Suppose -2*p - 6 = -3*n, -p = 4*n - 6 - 2. Suppose 18 = 3*k - p. What is the units digit of k?
6
Let x(l) = 11*l**3 + 11*l**2 + 16*l - 28. What is the units digit of x(6)?
0
Let f = -56 + 98. What is the tens digit of (-122)/3*(-189)/f?
8
Let a(u) = -29*u + 41. What is the units digit of a(-7)?
4
Let p be 96/15*(-20)/4. Let c = p + 81. What is the units digit of c?
9
Suppose -4*c = -3*u - 7226, 0 = 5*c + 61*u - 60*u - 9042. What is the hundreds digit of c?
8
Let r(j) = j**3 + 3*j**2 - 4*j - 4. Let h be r(-3). Suppose 6*m - 28 = c + 2*m, -c = m + h. Let b = c - -22. What is the tens digit of b?
1
Suppose 0 = 5*s - 820 - 770. What is the units digit of s?
8
Suppose -29*r + 570 = -387. What is the tens digit of r?
3
Let s(x) = x**2 + 10*x - 32. Let c be s(6). Let u = 252 - c. What is the hundreds digit of u?
1
Let b(a) = 2*a**3 - 20*a**2 + 97*a + 17. What is the units digit of b(9)?
8
Suppose -255 = -15*h + 10*h. Suppose 3*c = 6, -v + 4*v + 3*c = h. What is the tens digit of v?
1
Let l = -8 + 1. Let z = l + 12. Suppose 35 = z*m - 0*m. What is the units digit of m?
7
Let s(h) = 2*h**3 + h**2 - 6*h + 5. Let w be s(6). Suppose 5*r = w + 23. What is the units digit of r?
2
Let w(t) = -t - 4. Let s be w(-4). Suppose -4*o + s*o = -5*a + 175, 35 = a + 4*o. What is the tens digit of a?
3
Let i be (72/(-9))/(3 - 1 - 4). Suppose -383 - 110 = -5*p + f, -i*f - 487 = -5*p. What is the units digit of p?
9
Suppose 176249 + 58669 = 93*o. What is the units digit of o?
6
Let s = 8 + -4. Suppose -2*g + 1529 = 5*o + 181, -2*o + 536 = 4*g. Suppose s*v = -v + o. What is the tens digit of v?
5
Let m(n) = 5*n**2 + 47*n + 39. What is the hundreds digit of m(-18)?
8
Let n(u) = 3*u - 5*u - 2*u + 3*u. Let x be n(0). Suppose -4*k - 8 = x, -3*k - 2*k = w - 8. What is the tens digit of w?
1
Suppose 0*a = -3*a + 18. Let o(k) be the third derivative of -k**5/60 + k**4/4 + 7*k**3/6 + 42*k**2. What is the units digit of o(a)?
7
Let m(r) = r - 1. Let k be m(4). Suppose a = 5*u - 15, -4*a - k*u = 25 - 80. What is the tens digit of a?
1
Suppose -2*a = u - 1432, u + 3*a = -a + 1430. What is the thousands digit of u?
1
What is the units digit of ((-6)/(-4))/(21/28) - -278?
0
Let n(o) = 5*o + 1. Let q be n(1). Suppose -q*l + 3*l + 513 = 0. What is the tens digit of (1/(-3))/((-3)/l)?
1
Suppose -2*m + 3*b - 3 = 0, -2*m + 5*b - 2 = 3. Let u(h) = 6*h**3 - 2*h**2 + 4*h - 3. Let i be u(2). Suppose m = 2*t - i + 5. What is the units digit of t?
0
Let d(v) = -v**2 + 11*v + 17. Let o be d(13). Let q be 60/(-16)*(-24)/o. Let a(r) = -5*r - 23. What is the tens digit of a(q)?
2
Let d be (-3)/6 - 36/(-8). Suppose -4*i + i - 701 = -d*l, -557 = -3*l - 4*i. Suppose 5*m - 4*t - l = 0, 2*m + 0*t - t = 71. What is the tens digit of m?
3
Suppose 51*q - 30690 = 29*q. What is the hundreds digit of q?
3
Let p = -1 + 6. Suppose 4*o = 11 + p. Suppose m - 5*c - 22 = -o*c, -m + 17 = 4*c. What is the tens digit of m?
2
What is the units digit of 8/(-44) + 34000/176?
3
Let p(h) = -3*h**3 - 16*h**2 - 16*h + 1. Let w(r) = r**3 + 5*r**2 + 5*r. Let v(m) = 3*p(m) + 8*w(m). What is the units digit of v(-8)?
7
Suppose -3*i + 4*p = -9, -p + 3*p = -5*i + 15. Let o = -277 - -279. Suppose i*b - o = 7. What is the units digit of b?
3
Suppose 40*t - 20520 = -0*t. What is the tens digit of t?
1
Let d be 90/(-3) - -2*(-2)/(-4). Let t = 23 - d. What is the tens digit of t?
5
Suppose -15 = -6*o + o, -4*p + 357 = -5*o. Suppose 5*h = 2*a + 783 - p, 3*a + 15 = 0. What is the tens digit of h?
3
Suppose 18*l = -688 + 10336. What is the tens digit of l?
3
Suppose 2*n + 0*m - m = 2102, 5*n = -2*m + 5237. What is the hundreds digit of n?
0
Let g be (104/(-12))/(3/(-9)). Suppose -c + 8*k = 3*k - 35, c + 4*k = g. What is the tens digit of c?
3
Suppose -2*j + 4 = -4. Let k = j - 3. What is the tens digit of (4 + -2)*(26 + k)?
5
Let d = 80 - 75. What is the tens digit of (d/15)/((4/339)/4)?
1
Let f(n) = -4 - 4*n**3 - 3*n**3 - 4*n**2 + 6*n**3. Let h be 12/18 - (-68)/(-12). What is the units digit of f(h)?
1
Let l = -131 - -202. Suppose 2*p + 7 = l. What is the tens digit of p?
3
Let